, 1277, 8219
List the prime factors of 121334231.
29, 757, 5527
What are the prime factors of 122408249?
122408249
What are the prime factors of 1537914953?
37, 41565269
List the prime factors of 275102686.
2, 7019, 19597
What are the prime factors of 232626673?
83, 229, 12239
What are the prime factors of 3855771103?
31, 124379713
What are the prime factors of 45210173?
71, 636763
List the prime factors of 552987157.
257, 2151701
What are the prime factors of 637242968?
2, 23, 3463277
What are the prime factors of 30285000?
2, 3, 5, 673
What are the prime factors of 3882904596?
2, 3, 107, 491, 2053
What are the prime factors of 95810802?
2, 3, 15968467
What are the prime factors of 10136135?
5, 2027227
What are the prime factors of 159458311?
159458311
What are the prime factors of 536530644?
2, 3, 13, 283, 4051
List the prime factors of 1582859920.
2, 5, 3911, 5059
List the prime factors of 164831056.
2, 13, 227, 3491
What are the prime factors of 1492944688?
2, 1249, 74707
What are the prime factors of 1377659761?
29, 1638121
What are the prime factors of 18890615?
5, 71, 127, 419
What are the prime factors of 138604217?
1693, 81869
What are the prime factors of 45688047?
3, 113, 307, 439
List the prime factors of 180894081.
3, 239, 252293
What are the prime factors of 83353503?
3, 71, 391331
List the prime factors of 1943062165.
5, 11, 3211673
List the prime factors of 180241179.
3, 23, 107, 24413
What are the prime factors of 3122320273?
41, 127, 251, 2389
What are the prime factors of 87238351?
29, 3008219
What are the prime factors of 44764206?
2, 3, 2039, 3659
What are the prime factors of 307275491?
37, 167, 223
What are the prime factors of 1540065678?
2, 3, 31, 8279923
What are the prime factors of 672046702?
2, 47, 7149433
What are the prime factors of 62243957?
23, 487, 5557
What are the prime factors of 219699601?
11, 19972691
List the prime factors of 2444587757.
13831, 176747
List the prime factors of 4520394977.
7, 2293, 281627
What are the prime factors of 1693698033?
3, 22277, 25343
What are the prime factors of 7196754?
2, 3, 1199459
What are the prime factors of 88215628?
2, 283, 77929
What are the prime factors of 686115834?
2, 3, 114352639
What are the prime factors of 6251947522?
2, 53, 2053, 28729
What are the prime factors of 45295558?
2, 7, 11, 294127
What are the prime factors of 1215970298?
2, 9433, 64453
What are the prime factors of 318555843?
3, 17, 19, 547, 601
List the prime factors of 716461279.
47, 15243857
What are the prime factors of 421833099?
3, 211, 666403
List the prime factors of 107520438.
2, 3, 17920073
List the prime factors of 3017168609.
7, 13, 59, 561961
What are the prime factors of 808329461?
4657, 173573
List the prime factors of 557180806.
2, 7, 13, 3061433
List the prime factors of 652254372.
2, 3, 7, 11, 21391
List the prime factors of 1077358999.
1077358999
What are the prime factors of 6617713?
29, 228197
What are the prime factors of 2442170860?
2, 5, 233, 524071
List the prime factors of 72297791.
4019, 17989
List the prime factors of 98308266.
2, 3, 7, 2340673
What are the prime factors of 1206194517?
3, 11, 4061261
List the prime factors of 787995731.
787995731
List the prime factors of 206131157.
151, 1365107
List the prime factors of 305196891.
3, 31, 3281687
What are the prime factors of 22439913?
3, 7479971
What are the prime factors of 1816271163?
3, 7, 59, 488639
What are the prime factors of 25150689?
3, 191, 4877
What are the prime factors of 4403851164?
2, 3, 41, 2983639
What are the prime factors of 25705153?
67, 383659
List the prime factors of 2552549480.
2, 5, 13, 4908749
What are the prime factors of 710526726?
2, 3, 7, 13, 433777
List the prime factors of 2702200376.
2, 337775047
List the prime factors of 4611002161.
59, 78152579
What are the prime factors of 512838281?
307, 701, 2383
What are the prime factors of 4765883870?
2, 5, 11, 17, 41, 5651
What are the prime factors of 90866684?
2, 22716671
List the prime factors of 3755180464.
2, 7, 617, 1109
List the prime factors of 2775945981.
3, 313, 1433, 2063
What are the prime factors of 179090695?
5, 7, 89, 57493
List the prime factors of 207051593.
7, 37, 799427
List the prime factors of 224623879.
29, 7745651
List the prime factors of 186253135.
5, 37250627
What are the prime factors of 765776919?
3, 255258973
What are the prime factors of 1267180256?
2, 83, 163, 2927
What are the prime factors of 521544565?
5, 104308913
What are the prime factors of 478186293?
3, 13, 12261187
List the prime factors of 19042834.
2, 9521417
What are the prime factors of 326505137?
7, 67, 163, 4271
List the prime factors of 205355041.
205355041
List the prime factors of 1673736725.
5, 66949469
List the prime factors of 9712943.
683, 14221
What are the prime factors of 966147630?
2, 3, 5, 7, 389, 11827
List the prime factors of 46824728.
2, 1259, 4649
List the prime factors of 974869026.
2, 3, 162478171
What are the prime factors of 3932261953?
23, 691, 247421
What are the prime factors of 6658224524?
2, 7, 1951, 121883
What are the prime factors of 103193890?
2, 5, 29, 355841
List the prime factors of 616186936.
2, 1801, 42767
What are the prime factors of 1504519826?
2, 19, 29, 37, 36899
What are the prime factors of 624117046?
2, 7, 389, 114601
List the prime factors of 289523937.
3, 601, 160579
What are the prime factors of 512198996?
2, 53, 131, 18443
List the prime factors of 66252722.
2, 907, 36523
What are the prime factors of 707594160?
2, 3, 5, 7, 13, 179, 181
What are the prime factors of 606621869?
7, 307, 282281
List the prime factors of 473634624.
2, 3, 41, 60167
What are the prime factors of 817599344?
2, 59, 866101
What are the prime factors of 155389742?
2, 77694871
What are the prime factors of 3742136?
2, 167, 2801
What are the prime factors of 54006902?
2, 37, 229, 3187
What are the prime factors of 381494338?
2, 190747169
List the prime factors of 92264524.
2, 11, 347, 6043
List the prime factors of 44138931.
3, 14712977
List the prime factors of 411779667.
3, 13, 137, 77069
List the prime factors of 5803966260.
2, 3, 5, 17, 1896721
List the prime factors of 1367175107.
7207, 189701
What are the prime factors of 3426051776?
2, 7, 79, 13829
What are the prime factors of 896390269?
896390269
List the prime factors of 991920114.
2, 3, 17, 1080523
List the prime factors of 2351333844.
2, 3, 59, 1107031
List the prime factors of 2162242206.
2, 3, 17, 2129, 3319
List the prime factors of 951337648.
2, 59458603
What are the prime factors of 35823454?
2, 17, 349, 3019
List the prime factors of 375040915.
5, 191, 499, 787
List the prime factors of 93602121.
3, 61, 511487
What are the prime factors of 4266708444?
2, 3, 118519679
What are the prime factors of 2830974145?
5, 127, 463, 9629
List the prime factors of 673019309.
3607, 186587
List the prime factors of 2991129149.
43, 373, 4337
What are the prime factors of 1658548729?
257, 6453497
What are the prime factors of 1041808342?
2, 19, 27416009
What are the prime factors of 3343586558?
2, 13, 128599483
What are the prime factors of 1330127047?
22807, 58321
What are the prime factors of 7001269772?
2, 7, 31, 79, 102101
What are the prime factors of 141473370?
2, 3, 5, 41, 115019
What are the prime factors of 302403498?
2, 3, 227, 222029
List the prime factors of 177252903.
3, 37, 487, 1093
List the prime factors of 1002004687.
1002004687
List the prime factors of 2093253914.
2, 1046626957
What are the prime factors of 355294568?
2, 67, 101, 6563
What are the prime factors of 1556313952?
2, 23, 1249, 1693
What are the prime factors of 79748151?
3, 7, 31, 122501
List the prime factors of 156095275.
5, 7, 17, 71, 739
List the prime factors of 38042774.
2, 7, 11, 247031
What are the prime factors of 212168159?
7, 30309737
What are the prime factors of 1348813383?
3, 449604461
What are the prime factors of 307099225?
5, 41, 53, 5653
What are the prime factors of 32375985?
3, 5, 587, 3677
What are the prime factors of 94323520?
2, 5, 294761
List the prime factors of 994726183.
11, 90429653
List the prime factors of 102461866.
2, 13, 3940841
List the prime factors of 129541790.
2, 5, 7, 264371
List the prime factors of 14835776.
2, 231809
List the prime factors of 79133964